{"id":265,"date":"2020-04-21T14:17:46","date_gmt":"2020-04-21T14:17:46","guid":{"rendered":"http:\/\/www.industriasguerran.com\/sitio\/?page_id=265"},"modified":"2020-09-22T00:10:58","modified_gmt":"2020-09-22T00:10:58","slug":"empresa","status":"publish","type":"page","link":"https:\/\/www.industriasguerran.com\/sitio\/empresa\/","title":{"rendered":"EMPRESA"},"content":{"rendered":"\n<div class=\"wp-block-group\"><div class=\"wp-block-group__inner-container is-layout-flow wp-block-group-is-layout-flow\"><div id=\"pl-gb265-69e3c88da63ed\"  class=\"panel-layout\" ><div id=\"pg-gb265-69e3c88da63ed-0\"  class=\"panel-grid panel-has-style\" ><div class=\"panel-row-style panel-row-style-for-gb265-69e3c88da63ed-0\" ><div id=\"pgc-gb265-69e3c88da63ed-0-0\"  class=\"panel-grid-cell\" ><div class=\"panel-cell-style panel-cell-style-for-gb265-69e3c88da63ed-0-0\" ><div id=\"panel-gb265-69e3c88da63ed-0-0-0\" class=\"so-panel widget widget_text panel-first-child\" data-index=\"0\" ><h3 class=\"widget-title\">Misi\u00f3n<\/h3>\t\t\t<div class=\"textwidget\"><p><img loading=\"lazy\" decoding=\"async\" class=\"wp-image-244 alignleft\" src=\"http:\/\/www.industriasguerran.com\/sitio\/wp-content\/uploads\/2020\/04\/separador_004.png\" alt=\"\" width=\"99\" height=\"1\" srcset=\"https:\/\/www.industriasguerran.com\/sitio\/wp-content\/uploads\/2020\/04\/separador_004.png 297w, https:\/\/www.industriasguerran.com\/sitio\/wp-content\/uploads\/2020\/04\/separador_004-150x3.png 150w, https:\/\/www.industriasguerran.com\/sitio\/wp-content\/uploads\/2020\/04\/separador_004-272x3.png 272w\" sizes=\"auto, (max-width: 99px) 100vw, 99px\" \/><\/p>\n<p>&nbsp;<\/p>\n<p style=\"margin: 0cm; margin-bottom: .0001pt; text-align: justify; vertical-align: baseline;\">Ser la mejor opci\u00f3n para la industria ayudando a nuestros clientes a alcanzar sus metas, provey\u00e9ndoles soluciones y productos innovadores que satisfagan sus necesidades .<\/p>\n<\/div>\n\t\t<\/div><div id=\"panel-gb265-69e3c88da63ed-0-0-1\" class=\"so-panel widget widget_text panel-last-child\" data-index=\"1\" ><h3 class=\"widget-title\">Visi\u00f3n<\/h3>\t\t\t<div class=\"textwidget\"><p><img loading=\"lazy\" decoding=\"async\" class=\"wp-image-244 alignleft\" src=\"http:\/\/www.industriasguerran.com\/sitio\/wp-content\/uploads\/2020\/04\/separador_004.png\" alt=\"\" width=\"99\" height=\"1\" srcset=\"https:\/\/www.industriasguerran.com\/sitio\/wp-content\/uploads\/2020\/04\/separador_004.png 297w, https:\/\/www.industriasguerran.com\/sitio\/wp-content\/uploads\/2020\/04\/separador_004-150x3.png 150w, https:\/\/www.industriasguerran.com\/sitio\/wp-content\/uploads\/2020\/04\/separador_004-272x3.png 272w\" sizes=\"auto, (max-width: 99px) 100vw, 99px\" \/><\/p>\n<p>&nbsp;<\/p>\n<p>Ser la empresa elegida por nuestros clientes, gracias a nuestra innovaci\u00f3n, brind\u00e1ndoles soluciones, productos y servicios de calidad.<\/p>\n<\/div>\n\t\t<\/div><\/div><\/div><div id=\"pgc-gb265-69e3c88da63ed-0-1\"  class=\"panel-grid-cell\" ><div class=\"panel-cell-style panel-cell-style-for-gb265-69e3c88da63ed-0-1\" ><div id=\"panel-gb265-69e3c88da63ed-0-1-0\" class=\"so-panel widget widget_text panel-first-child\" data-index=\"2\" ><h3 class=\"widget-title\">INDUSTRIAS GUERRAN<\/h3>\t\t\t<div class=\"textwidget\"><p><img loading=\"lazy\" decoding=\"async\" class=\"wp-image-244 alignleft\" src=\"http:\/\/www.industriasguerran.com\/sitio\/wp-content\/uploads\/2020\/04\/separador_004.png\" alt=\"\" width=\"99\" height=\"1\" srcset=\"https:\/\/www.industriasguerran.com\/sitio\/wp-content\/uploads\/2020\/04\/separador_004.png 297w, https:\/\/www.industriasguerran.com\/sitio\/wp-content\/uploads\/2020\/04\/separador_004-150x3.png 150w, https:\/\/www.industriasguerran.com\/sitio\/wp-content\/uploads\/2020\/04\/separador_004-272x3.png 272w\" sizes=\"auto, (max-width: 99px) 100vw, 99px\" \/><\/p>\n<p>&nbsp;<\/p>\n<h3>Dise\u00f1o, remodelaci\u00f3n y fabricaci\u00f3n<\/h3>\n<p>Con personal altamente capacitado y la m\u00e1s alta tecnolog\u00eda, ofrecemos a nuestros clientes calidad\u00a0para la remodelaci\u00f3n de sus transportes\u00a0de carga, tambi\u00e9n\u00a0fabricamos el veh\u00edculo\u00a0de acuerdo a las necesidades y especificaciones.<\/p>\n<p>&nbsp;<\/p>\n<p>&nbsp;<\/p>\n<p>&nbsp;<\/p>\n<p>Innovamos para Transportar. Equipo de Industrias Guerran.<\/p>\n<\/div>\n\t\t<\/div><div id=\"panel-gb265-69e3c88da63ed-0-1-1\" class=\"so-panel widget widget_media_image panel-last-child\" data-index=\"3\" ><div class=\"panel-widget-style panel-widget-style-for-gb265-69e3c88da63ed-0-1-1\" ><img loading=\"lazy\" decoding=\"async\" width=\"195\" height=\"151\" src=\"https:\/\/www.industriasguerran.com\/sitio\/wp-content\/uploads\/2020\/09\/equipos_graneros_empresa-e1600733329288.png\" class=\"image wp-image-465  attachment-400x264 size-400x264\" alt=\"\" style=\"max-width: 100%; height: auto;\" \/><\/div><\/div><\/div><\/div><div id=\"pgc-gb265-69e3c88da63ed-0-2\"  class=\"panel-grid-cell\" ><div class=\"panel-cell-style panel-cell-style-for-gb265-69e3c88da63ed-0-2\" ><div id=\"panel-gb265-69e3c88da63ed-0-2-0\" class=\"so-panel widget widget_text panel-first-child\" data-index=\"4\" ><h3 class=\"widget-title\">Nosotros<\/h3>\t\t\t<div class=\"textwidget\"><p><img loading=\"lazy\" decoding=\"async\" class=\"wp-image-244 alignleft\" src=\"http:\/\/www.industriasguerran.com\/sitio\/wp-content\/uploads\/2020\/04\/separador_004.png\" alt=\"\" width=\"99\" height=\"1\" srcset=\"https:\/\/www.industriasguerran.com\/sitio\/wp-content\/uploads\/2020\/04\/separador_004.png 297w, https:\/\/www.industriasguerran.com\/sitio\/wp-content\/uploads\/2020\/04\/separador_004-150x3.png 150w, https:\/\/www.industriasguerran.com\/sitio\/wp-content\/uploads\/2020\/04\/separador_004-272x3.png 272w\" sizes=\"auto, (max-width: 99px) 100vw, 99px\" \/><\/p>\n<p>&nbsp;<\/p>\n<p class=\"txt\">Somos una empresa 100% mexicana con m\u00e1s de 20 a\u00f1os de experiencia, dedicada a la fabricaci\u00f3n, modificaci\u00f3n, reparaci\u00f3n y comercializaci\u00f3n de Equipo Aliado. Creada en el a\u00f1o de 1990 por Salvador Guerrero Guillermo.<\/p>\n<p class=\"txt\">Nuestros remolques y semirremolques cumplen con las <b>Normas Oficiales Mexicanas<\/b>\u00a0vigentes para el autotransporte de carga, nuestro compromiso es mantener nuestra\u00a0<b>Pol\u00edtica de calidad<\/b>\u00a0para fabricar\u00a0<b>Los Mejores Equipos<\/b>.<\/p>\n<\/div>\n\t\t<\/div><div id=\"panel-gb265-69e3c88da63ed-0-2-1\" class=\"so-panel widget widget_text panel-last-child\" data-index=\"5\" ><h3 class=\"widget-title\">Pol\u00edtica de calidad<\/h3>\t\t\t<div class=\"textwidget\"><p><img loading=\"lazy\" decoding=\"async\" class=\"wp-image-244 alignleft\" src=\"http:\/\/www.industriasguerran.com\/sitio\/wp-content\/uploads\/2020\/04\/separador_004.png\" alt=\"\" width=\"99\" height=\"1\" srcset=\"https:\/\/www.industriasguerran.com\/sitio\/wp-content\/uploads\/2020\/04\/separador_004.png 297w, https:\/\/www.industriasguerran.com\/sitio\/wp-content\/uploads\/2020\/04\/separador_004-150x3.png 150w, https:\/\/www.industriasguerran.com\/sitio\/wp-content\/uploads\/2020\/04\/separador_004-272x3.png 272w\" sizes=\"auto, (max-width: 99px) 100vw, 99px\" \/><\/p>\n<p>&nbsp;<\/p>\n<p>Todos nuestros trabajos son realizados minuciosamente en base a un estudio de las necesidades y requerimientos de nuestros clientes sobre todo en funcionalidad y resistencia.<\/p>\n<p class=\"txt\"><b>Nuestros Valores<\/b><\/p>\n<ul class=\"txt\">\n<li>Ser una organizaci\u00f3n abierta al constante aprendizaje.<\/li>\n<li>Honestidad, Responsabilidad, compromiso y profesionalismo con nuestros clientes.<\/li>\n<li>Innovaci\u00f3n tecnol\u00f3gica y calidad aplicada en nuestros procesos, productos y servicios.<\/li>\n<li>Calidad y calidez en la atenci\u00f3n a nuestros clientes y personal<\/li>\n<li>Ser la mejor soluci\u00f3n para nuestros clientes.<\/li>\n<\/ul>\n<\/div>\n\t\t<\/div><\/div><\/div><\/div><\/div><\/div><\/div><\/div>\n","protected":false},"excerpt":{"rendered":"","protected":false},"author":1,"featured_media":0,"parent":0,"menu_order":0,"comment_status":"closed","ping_status":"closed","template":"","meta":{"footnotes":""},"class_list":["post-265","page","type-page","status-publish","hentry"],"_links":{"self":[{"href":"https:\/\/www.industriasguerran.com\/sitio\/wp-json\/wp\/v2\/pages\/265","targetHints":{"allow":["GET"]}}],"collection":[{"href":"https:\/\/www.industriasguerran.com\/sitio\/wp-json\/wp\/v2\/pages"}],"about":[{"href":"https:\/\/www.industriasguerran.com\/sitio\/wp-json\/wp\/v2\/types\/page"}],"author":[{"embeddable":true,"href":"https:\/\/www.industriasguerran.com\/sitio\/wp-json\/wp\/v2\/users\/1"}],"replies":[{"embeddable":true,"href":"https:\/\/www.industriasguerran.com\/sitio\/wp-json\/wp\/v2\/comments?post=265"}],"version-history":[{"count":29,"href":"https:\/\/www.industriasguerran.com\/sitio\/wp-json\/wp\/v2\/pages\/265\/revisions"}],"predecessor-version":[{"id":468,"href":"https:\/\/www.industriasguerran.com\/sitio\/wp-json\/wp\/v2\/pages\/265\/revisions\/468"}],"wp:attachment":[{"href":"https:\/\/www.industriasguerran.com\/sitio\/wp-json\/wp\/v2\/media?parent=265"}],"curies":[{"name":"wp","href":"https:\/\/api.w.org\/{rel}","templated":true}]}}