{"id":346,"date":"2020-04-24T21:36:45","date_gmt":"2020-04-24T21:36:45","guid":{"rendered":"http:\/\/www.industriasguerran.com\/sitio\/?page_id=346"},"modified":"2020-05-06T03:36:56","modified_gmt":"2020-05-06T03:36:56","slug":"equipos","status":"publish","type":"page","link":"https:\/\/www.industriasguerran.com\/sitio\/equipos\/","title":{"rendered":"EQUIPOS"},"content":{"rendered":"<div id=\"pl-346\"  class=\"panel-layout\" ><div id=\"pg-346-0\"  class=\"panel-grid panel-no-style\" ><div id=\"pgc-346-0-0\"  class=\"panel-grid-cell\" ><div id=\"panel-346-0-0-0\" class=\"so-panel widget widget_optimizer_front_posts optimizer_front_posts postsblck panel-first-child panel-last-child\" data-index=\"0\" ><div class=\"postlayout_4\">\r\n\t\t<div class=\"lay4 optimposts\" data-post-layout=\"4\" data-post-type=\"product\" data-post-count=\"9\" data-post-category=\"\" data-post-navigation=\"numbered\">\r\n\t\t<div class=\"center\"><div class=\"homeposts_title\"><\/div>\t    \r\n    \r\n\t<!-----------------------------------LAYOUT 1-------------------------------------------->\r\n\t    \r\n\r\n\r\n \t<!-- - - - - - - - - - - - - - - - - - - - LAYOUT 2 - - - - - - - - - - - - - - - - - - - -->\r\n\t    \r\n        \r\n    \r\n\r\n\t<!-----------------------------------LAYOUT 4-------------------------------------------->\r\n\t    <div class=\"lay4pagifix no_sidebar\">\r\n\t\t<div class=\"lay4_wrap\">\r\n\t\t\t<div class=\"lay4_wrap_ajax\">\r\n                <div class=\"lay4_inner\">\r\n\t\t\t\t\t                    <div class=\"post-429 product type-product status-publish has-post-thumbnail product_cat-equipos first instock shipping-taxable product-type-simple\" id=\"post-429\"> \r\n\r\n                <!--POST THUMBNAIL START-->\r\n                        <div class=\"post_image\">\r\n                             <!--CALL TO POST IMAGE-->\r\n                                                        <div class=\"imgwrap\">\r\n                            <a href=\"https:\/\/www.industriasguerran.com\/sitio\/producto\/dollys-copia\/\"><img loading=\"lazy\" decoding=\"async\" width=\"300\" height=\"237\" src=\"https:\/\/www.industriasguerran.com\/sitio\/wp-content\/uploads\/2020\/05\/lowboy_02-300x237.jpg\" class=\"attachment-medium size-medium wp-post-image\" alt=\"\" srcset=\"https:\/\/www.industriasguerran.com\/sitio\/wp-content\/uploads\/2020\/05\/lowboy_02-300x237.jpg 300w, https:\/\/www.industriasguerran.com\/sitio\/wp-content\/uploads\/2020\/05\/lowboy_02-768x607.jpg 768w, https:\/\/www.industriasguerran.com\/sitio\/wp-content\/uploads\/2020\/05\/lowboy_02-600x474.jpg 600w, https:\/\/www.industriasguerran.com\/sitio\/wp-content\/uploads\/2020\/05\/lowboy_02.jpg 866w\" sizes=\"auto, (max-width: 300px) 100vw, 300px\" \/><\/a><\/div>\r\n                            \r\n                            \r\n                                                    <\/div>\r\n                 <!--POST THUMBNAIL END-->\r\n\r\n                    <!--POST CONTENT START-->\r\n                        <div class=\"post_content\">\r\n                            <h2 class=\"postitle\"><a href=\"https:\/\/www.industriasguerran.com\/sitio\/producto\/dollys-copia\/\" title=\"LOWBOYS\">LOWBOYS<\/a><\/h2>\r\n                            \r\n                         <!--META INFO START-->   \r\n                            <div class=\"single_metainfo\">\r\n                            \t<!--DATE-->\r\n                                <i class=\"fa-calendar\"><\/i><a class=\"comm_date\">mayo 6, 2020<\/a>\r\n                                <!--AUTHOR-->\r\n                                <i class=\"fa-user\"><\/i><a class='auth_meta' href=\"https:\/\/www.industriasguerran.com\/sitio\/author\/admin\/\">admin<\/a>\r\n                                <!--COMMENTS COUNT-->\r\n                                <i class=\"fa-comments\"><\/i><div class=\"meta_comm\"><a href=\"https:\/\/www.industriasguerran.com\/sitio\/producto\/dollys-copia\/#respond\">0 comentarios<\/a><\/div>                            \t<!--CATEGORY-->\r\n                              \t<i class=\"fa-th-list\"><\/i><div class=\"catag_list\"><\/div>\r\n                            <\/div>\r\n                         <!--META INFO START-->  \r\n                         \r\n                            <p>Los Lowboys est\u00e1n dise\u00f1ados para transportar casi cualquier tipo de maquinaria. Adem\u00e1s resulta id\u00f3neo para el acarreo de pacas de forrajes y dem\u00e1s materiales. Adapt\u00e1ndose as\u00ed a las necesidades de nuestros clientes.<\/p>                            \r\n                          \t                            \t                      \t\t\t\t\n                                \t<\/a><a href=\"https:\/\/www.industriasguerran.com\/sitio\/producto\/dollys-copia\/\" data-quantity=\"1\" class=\"button product_type_simple\" data-product_id=\"429\" data-product_sku=\"\" aria-label=\"Read more about &ldquo;LOWBOYS&rdquo;\" rel=\"nofollow\">Read more<\/a>                                                      \t\t                            \r\n                        <\/div>\r\n                    <!--POST CONTENT END-->\r\n\t\t\t\t\t<!--Read More Button-->\r\n                    <div class=\"blog_mo\"><a href=\"https:\/\/www.industriasguerran.com\/sitio\/producto\/dollys-copia\/\">+ Leer m\u00e1s<\/a><\/div>\r\n                    \r\n                <\/div>\r\n                                    <div class=\"post-380 product type-product status-publish has-post-thumbnail product_cat-equipos  instock shipping-taxable product-type-simple\" id=\"post-380\"> \r\n\r\n                <!--POST THUMBNAIL START-->\r\n                        <div class=\"post_image\">\r\n                             <!--CALL TO POST IMAGE-->\r\n                                                        <div class=\"imgwrap\">\r\n                            <a href=\"https:\/\/www.industriasguerran.com\/sitio\/producto\/dollys\/\"><img loading=\"lazy\" decoding=\"async\" width=\"300\" height=\"225\" src=\"https:\/\/www.industriasguerran.com\/sitio\/wp-content\/uploads\/2020\/04\/IMG-20220118-WA0017-300x225.jpg\" class=\"attachment-medium size-medium wp-post-image\" alt=\"\" srcset=\"https:\/\/www.industriasguerran.com\/sitio\/wp-content\/uploads\/2020\/04\/IMG-20220118-WA0017-300x225.jpg 300w, https:\/\/www.industriasguerran.com\/sitio\/wp-content\/uploads\/2020\/04\/IMG-20220118-WA0017-1024x768.jpg 1024w, https:\/\/www.industriasguerran.com\/sitio\/wp-content\/uploads\/2020\/04\/IMG-20220118-WA0017-768x576.jpg 768w, https:\/\/www.industriasguerran.com\/sitio\/wp-content\/uploads\/2020\/04\/IMG-20220118-WA0017-1536x1152.jpg 1536w, https:\/\/www.industriasguerran.com\/sitio\/wp-content\/uploads\/2020\/04\/IMG-20220118-WA0017-600x450.jpg 600w, https:\/\/www.industriasguerran.com\/sitio\/wp-content\/uploads\/2020\/04\/IMG-20220118-WA0017.jpg 1600w\" sizes=\"auto, (max-width: 300px) 100vw, 300px\" \/><\/a><\/div>\r\n                            \r\n                            \r\n                                                    <\/div>\r\n                 <!--POST THUMBNAIL END-->\r\n\r\n                    <!--POST CONTENT START-->\r\n                        <div class=\"post_content\">\r\n                            <h2 class=\"postitle\"><a href=\"https:\/\/www.industriasguerran.com\/sitio\/producto\/dollys\/\" title=\"DOLLYS\">DOLLYS<\/a><\/h2>\r\n                            \r\n                         <!--META INFO START-->   \r\n                            <div class=\"single_metainfo\">\r\n                            \t<!--DATE-->\r\n                                <i class=\"fa-calendar\"><\/i><a class=\"comm_date\">abril 24, 2020<\/a>\r\n                                <!--AUTHOR-->\r\n                                <i class=\"fa-user\"><\/i><a class='auth_meta' href=\"https:\/\/www.industriasguerran.com\/sitio\/author\/admin\/\">admin<\/a>\r\n                                <!--COMMENTS COUNT-->\r\n                                <i class=\"fa-comments\"><\/i><div class=\"meta_comm\"><a href=\"https:\/\/www.industriasguerran.com\/sitio\/producto\/dollys\/#respond\">0 comentarios<\/a><\/div>                            \t<!--CATEGORY-->\r\n                              \t<i class=\"fa-th-list\"><\/i><div class=\"catag_list\"><\/div>\r\n                            <\/div>\r\n                         <!--META INFO START-->  \r\n                         \r\n                            <p>Los dollys est\u00e1n dise\u00f1ados para las m\u00e1s estrictas necesidades de transporte de mercanc\u00eda. Disponibles en tipo A y tipo H, de 1 y 2 ejes, adapt\u00e1ndose as\u00ed a las necesidades de nuestros clientes.<\/p>                            \r\n                          \t                            \t                      \t\t\t\t\n                                \t<\/a><a href=\"https:\/\/www.industriasguerran.com\/sitio\/producto\/dollys\/\" data-quantity=\"1\" class=\"button product_type_simple\" data-product_id=\"380\" data-product_sku=\"\" aria-label=\"Read more about &ldquo;DOLLYS&rdquo;\" rel=\"nofollow\">Read more<\/a>                                                      \t\t                            \r\n                        <\/div>\r\n                    <!--POST CONTENT END-->\r\n\t\t\t\t\t<!--Read More Button-->\r\n                    <div class=\"blog_mo\"><a href=\"https:\/\/www.industriasguerran.com\/sitio\/producto\/dollys\/\">+ Leer m\u00e1s<\/a><\/div>\r\n                    \r\n                <\/div>\r\n                                    <div class=\"post-378 product type-product status-publish has-post-thumbnail product_cat-equipos  instock shipping-taxable product-type-simple\" id=\"post-378\"> \r\n\r\n                <!--POST THUMBNAIL START-->\r\n                        <div class=\"post_image\">\r\n                             <!--CALL TO POST IMAGE-->\r\n                                                        <div class=\"imgwrap\">\r\n                            <a href=\"https:\/\/www.industriasguerran.com\/sitio\/producto\/jaulas\/\"><img loading=\"lazy\" decoding=\"async\" width=\"300\" height=\"237\" src=\"https:\/\/www.industriasguerran.com\/sitio\/wp-content\/uploads\/2020\/04\/jaula_002-1-300x237.jpg\" class=\"attachment-medium size-medium wp-post-image\" alt=\"\" srcset=\"https:\/\/www.industriasguerran.com\/sitio\/wp-content\/uploads\/2020\/04\/jaula_002-1-300x237.jpg 300w, https:\/\/www.industriasguerran.com\/sitio\/wp-content\/uploads\/2020\/04\/jaula_002-1-768x607.jpg 768w, https:\/\/www.industriasguerran.com\/sitio\/wp-content\/uploads\/2020\/04\/jaula_002-1-600x474.jpg 600w, https:\/\/www.industriasguerran.com\/sitio\/wp-content\/uploads\/2020\/04\/jaula_002-1.jpg 866w\" sizes=\"auto, (max-width: 300px) 100vw, 300px\" \/><\/a><\/div>\r\n                            \r\n                            \r\n                                                    <\/div>\r\n                 <!--POST THUMBNAIL END-->\r\n\r\n                    <!--POST CONTENT START-->\r\n                        <div class=\"post_content\">\r\n                            <h2 class=\"postitle\"><a href=\"https:\/\/www.industriasguerran.com\/sitio\/producto\/jaulas\/\" title=\"JAULAS\">JAULAS<\/a><\/h2>\r\n                            \r\n                         <!--META INFO START-->   \r\n                            <div class=\"single_metainfo\">\r\n                            \t<!--DATE-->\r\n                                <i class=\"fa-calendar\"><\/i><a class=\"comm_date\">abril 24, 2020<\/a>\r\n                                <!--AUTHOR-->\r\n                                <i class=\"fa-user\"><\/i><a class='auth_meta' href=\"https:\/\/www.industriasguerran.com\/sitio\/author\/admin\/\">admin<\/a>\r\n                                <!--COMMENTS COUNT-->\r\n                                <i class=\"fa-comments\"><\/i><div class=\"meta_comm\"><a href=\"https:\/\/www.industriasguerran.com\/sitio\/producto\/jaulas\/#respond\">0 comentarios<\/a><\/div>                            \t<!--CATEGORY-->\r\n                              \t<i class=\"fa-th-list\"><\/i><div class=\"catag_list\"><\/div>\r\n                            <\/div>\r\n                         <!--META INFO START-->  \r\n                         \r\n                            <p>Los semirremolque tipo jaulas est\u00e1n dise\u00f1ados para las m\u00e1s estrictas necesidades de transporte de mercanc\u00eda como granos, insumos, chatarra, etc. <strong>Disponibles en diferentes medidas, desde 36\u2019,38\u2019,40\u2019,42\u2019,45\u2019 en 2 y 3 ejes<\/strong>, ayudando as\u00ed a nuestros clientes a satisfacer sus necesidades.\r\n\r\n&nbsp;<\/p>                            \r\n                          \t                            \t                      \t\t\t\t\n                                \t<\/a><a href=\"https:\/\/www.industriasguerran.com\/sitio\/producto\/jaulas\/\" data-quantity=\"1\" class=\"button product_type_simple\" data-product_id=\"378\" data-product_sku=\"\" aria-label=\"Read more about &ldquo;JAULAS&rdquo;\" rel=\"nofollow\">Read more<\/a>                                                      \t\t                            \r\n                        <\/div>\r\n                    <!--POST CONTENT END-->\r\n\t\t\t\t\t<!--Read More Button-->\r\n                    <div class=\"blog_mo\"><a href=\"https:\/\/www.industriasguerran.com\/sitio\/producto\/jaulas\/\">+ Leer m\u00e1s<\/a><\/div>\r\n                    \r\n                <\/div>\r\n                                    <div class=\"post-376 product type-product status-publish has-post-thumbnail product_cat-equipos last instock shipping-taxable product-type-simple\" id=\"post-376\"> \r\n\r\n                <!--POST THUMBNAIL START-->\r\n                        <div class=\"post_image\">\r\n                             <!--CALL TO POST IMAGE-->\r\n                                                        <div class=\"imgwrap\">\r\n                            <a href=\"https:\/\/www.industriasguerran.com\/sitio\/producto\/volteos\/\"><img loading=\"lazy\" decoding=\"async\" width=\"300\" height=\"237\" src=\"https:\/\/www.industriasguerran.com\/sitio\/wp-content\/uploads\/2020\/04\/volteo_002-300x237.jpg\" class=\"attachment-medium size-medium wp-post-image\" alt=\"\" srcset=\"https:\/\/www.industriasguerran.com\/sitio\/wp-content\/uploads\/2020\/04\/volteo_002-300x237.jpg 300w, https:\/\/www.industriasguerran.com\/sitio\/wp-content\/uploads\/2020\/04\/volteo_002-768x607.jpg 768w, https:\/\/www.industriasguerran.com\/sitio\/wp-content\/uploads\/2020\/04\/volteo_002-600x474.jpg 600w, https:\/\/www.industriasguerran.com\/sitio\/wp-content\/uploads\/2020\/04\/volteo_002.jpg 866w\" sizes=\"auto, (max-width: 300px) 100vw, 300px\" \/><\/a><\/div>\r\n                            \r\n                            \r\n                                                    <\/div>\r\n                 <!--POST THUMBNAIL END-->\r\n\r\n                    <!--POST CONTENT START-->\r\n                        <div class=\"post_content\">\r\n                            <h2 class=\"postitle\"><a href=\"https:\/\/www.industriasguerran.com\/sitio\/producto\/volteos\/\" title=\"VOLTEOS\">VOLTEOS<\/a><\/h2>\r\n                            \r\n                         <!--META INFO START-->   \r\n                            <div class=\"single_metainfo\">\r\n                            \t<!--DATE-->\r\n                                <i class=\"fa-calendar\"><\/i><a class=\"comm_date\">abril 24, 2020<\/a>\r\n                                <!--AUTHOR-->\r\n                                <i class=\"fa-user\"><\/i><a class='auth_meta' href=\"https:\/\/www.industriasguerran.com\/sitio\/author\/admin\/\">admin<\/a>\r\n                                <!--COMMENTS COUNT-->\r\n                                <i class=\"fa-comments\"><\/i><div class=\"meta_comm\"><a href=\"https:\/\/www.industriasguerran.com\/sitio\/producto\/volteos\/#respond\">0 comentarios<\/a><\/div>                            \t<!--CATEGORY-->\r\n                              \t<i class=\"fa-th-list\"><\/i><div class=\"catag_list\"><\/div>\r\n                            <\/div>\r\n                         <!--META INFO START-->  \r\n                         \r\n                            <p><strong>Semirremolque tipo Volteo<\/strong> es ideal para acarreo de materiales como grava, arena, grava, base u otros tipos de materiales a granel. Fabricada en acero al carb\u00f3n para una gran resistencia, ayudando a nuestros clientes a satisfacer sus necesidades.<\/p>                            \r\n                          \t                            \t                      \t\t\t\t\n                                \t<\/a><a href=\"https:\/\/www.industriasguerran.com\/sitio\/producto\/volteos\/\" data-quantity=\"1\" class=\"button product_type_simple\" data-product_id=\"376\" data-product_sku=\"\" aria-label=\"Read more about &ldquo;VOLTEOS&rdquo;\" rel=\"nofollow\">Read more<\/a>                                                      \t\t                            \r\n                        <\/div>\r\n                    <!--POST CONTENT END-->\r\n\t\t\t\t\t<!--Read More Button-->\r\n                    <div class=\"blog_mo\"><a href=\"https:\/\/www.industriasguerran.com\/sitio\/producto\/volteos\/\">+ Leer m\u00e1s<\/a><\/div>\r\n                    \r\n                <\/div>\r\n                                    <div class=\"post-371 product type-product status-publish has-post-thumbnail product_cat-equipos first instock shipping-taxable product-type-simple\" id=\"post-371\"> \r\n\r\n                <!--POST THUMBNAIL START-->\r\n                        <div class=\"post_image\">\r\n                             <!--CALL TO POST IMAGE-->\r\n                                                        <div class=\"imgwrap\">\r\n                            <a href=\"https:\/\/www.industriasguerran.com\/sitio\/producto\/plataformas\/\"><img loading=\"lazy\" decoding=\"async\" width=\"300\" height=\"225\" src=\"https:\/\/www.industriasguerran.com\/sitio\/wp-content\/uploads\/2020\/04\/IMG-20220118-WA0021-300x225.jpg\" class=\"attachment-medium size-medium wp-post-image\" alt=\"\" srcset=\"https:\/\/www.industriasguerran.com\/sitio\/wp-content\/uploads\/2020\/04\/IMG-20220118-WA0021-300x225.jpg 300w, https:\/\/www.industriasguerran.com\/sitio\/wp-content\/uploads\/2020\/04\/IMG-20220118-WA0021-1024x768.jpg 1024w, https:\/\/www.industriasguerran.com\/sitio\/wp-content\/uploads\/2020\/04\/IMG-20220118-WA0021-768x576.jpg 768w, https:\/\/www.industriasguerran.com\/sitio\/wp-content\/uploads\/2020\/04\/IMG-20220118-WA0021-1536x1152.jpg 1536w, https:\/\/www.industriasguerran.com\/sitio\/wp-content\/uploads\/2020\/04\/IMG-20220118-WA0021-600x450.jpg 600w, https:\/\/www.industriasguerran.com\/sitio\/wp-content\/uploads\/2020\/04\/IMG-20220118-WA0021.jpg 1600w\" sizes=\"auto, (max-width: 300px) 100vw, 300px\" \/><\/a><\/div>\r\n                            \r\n                            \r\n                                                    <\/div>\r\n                 <!--POST THUMBNAIL END-->\r\n\r\n                    <!--POST CONTENT START-->\r\n                        <div class=\"post_content\">\r\n                            <h2 class=\"postitle\"><a href=\"https:\/\/www.industriasguerran.com\/sitio\/producto\/plataformas\/\" title=\"PLATAFORMAS\">PLATAFORMAS<\/a><\/h2>\r\n                            \r\n                         <!--META INFO START-->   \r\n                            <div class=\"single_metainfo\">\r\n                            \t<!--DATE-->\r\n                                <i class=\"fa-calendar\"><\/i><a class=\"comm_date\">abril 24, 2020<\/a>\r\n                                <!--AUTHOR-->\r\n                                <i class=\"fa-user\"><\/i><a class='auth_meta' href=\"https:\/\/www.industriasguerran.com\/sitio\/author\/admin\/\">admin<\/a>\r\n                                <!--COMMENTS COUNT-->\r\n                                <i class=\"fa-comments\"><\/i><div class=\"meta_comm\"><a href=\"https:\/\/www.industriasguerran.com\/sitio\/producto\/plataformas\/#respond\">0 comentarios<\/a><\/div>                            \t<!--CATEGORY-->\r\n                              \t<i class=\"fa-th-list\"><\/i><div class=\"catag_list\"><\/div>\r\n                            <\/div>\r\n                         <!--META INFO START-->  \r\n                         \r\n                            <p>Plataforma ligera que te permite ser cargada por cualquiera de sus lados, facilitando transportar mayor carga \u00fatil, disponibles en diferentes medidas desde 30\u2019 hasta 53\u2019 en 1,2 y 3 ejes, ayudando a nuestros clientes a satisfacer sus necesidades.<\/p>                            \r\n                          \t                            \t                      \t\t\t\t\n                                \t<\/a><a href=\"https:\/\/www.industriasguerran.com\/sitio\/producto\/plataformas\/\" data-quantity=\"1\" class=\"button product_type_simple\" data-product_id=\"371\" data-product_sku=\"\" aria-label=\"Read more about &ldquo;PLATAFORMAS&rdquo;\" rel=\"nofollow\">Read more<\/a>                                                      \t\t                            \r\n                        <\/div>\r\n                    <!--POST CONTENT END-->\r\n\t\t\t\t\t<!--Read More Button-->\r\n                    <div class=\"blog_mo\"><a href=\"https:\/\/www.industriasguerran.com\/sitio\/producto\/plataformas\/\">+ Leer m\u00e1s<\/a><\/div>\r\n                    \r\n                <\/div>\r\n                                    <div class=\"post-361 product type-product status-publish has-post-thumbnail product_cat-equipos  instock shipping-taxable product-type-simple\" id=\"post-361\"> \r\n\r\n                <!--POST THUMBNAIL START-->\r\n                        <div class=\"post_image\">\r\n                             <!--CALL TO POST IMAGE-->\r\n                                                        <div class=\"imgwrap\">\r\n                            <a href=\"https:\/\/www.industriasguerran.com\/sitio\/producto\/cajas-secas\/\"><img loading=\"lazy\" decoding=\"async\" width=\"300\" height=\"237\" src=\"https:\/\/www.industriasguerran.com\/sitio\/wp-content\/uploads\/2020\/04\/caja_seca_01-300x237.jpg\" class=\"attachment-medium size-medium wp-post-image\" alt=\"\" srcset=\"https:\/\/www.industriasguerran.com\/sitio\/wp-content\/uploads\/2020\/04\/caja_seca_01-300x237.jpg 300w, https:\/\/www.industriasguerran.com\/sitio\/wp-content\/uploads\/2020\/04\/caja_seca_01-768x607.jpg 768w, https:\/\/www.industriasguerran.com\/sitio\/wp-content\/uploads\/2020\/04\/caja_seca_01-600x474.jpg 600w, https:\/\/www.industriasguerran.com\/sitio\/wp-content\/uploads\/2020\/04\/caja_seca_01.jpg 866w\" sizes=\"auto, (max-width: 300px) 100vw, 300px\" \/><\/a><\/div>\r\n                            \r\n                            \r\n                                                    <\/div>\r\n                 <!--POST THUMBNAIL END-->\r\n\r\n                    <!--POST CONTENT START-->\r\n                        <div class=\"post_content\">\r\n                            <h2 class=\"postitle\"><a href=\"https:\/\/www.industriasguerran.com\/sitio\/producto\/cajas-secas\/\" title=\"CAJAS SECAS\">CAJAS SECAS<\/a><\/h2>\r\n                            \r\n                         <!--META INFO START-->   \r\n                            <div class=\"single_metainfo\">\r\n                            \t<!--DATE-->\r\n                                <i class=\"fa-calendar\"><\/i><a class=\"comm_date\">abril 24, 2020<\/a>\r\n                                <!--AUTHOR-->\r\n                                <i class=\"fa-user\"><\/i><a class='auth_meta' href=\"https:\/\/www.industriasguerran.com\/sitio\/author\/admin\/\">admin<\/a>\r\n                                <!--COMMENTS COUNT-->\r\n                                <i class=\"fa-comments\"><\/i><div class=\"meta_comm\"><a href=\"https:\/\/www.industriasguerran.com\/sitio\/producto\/cajas-secas\/#respond\">0 comentarios<\/a><\/div>                            \t<!--CATEGORY-->\r\n                              \t<i class=\"fa-th-list\"><\/i><div class=\"catag_list\"><\/div>\r\n                            <\/div>\r\n                         <!--META INFO START-->  \r\n                         \r\n                            <p>Los semirremolque tipo <strong>Caja Seca<\/strong> son ideales para transportar cualquier tipo de carga que requieras proteger de los medios clim\u00e1tico, adem\u00e1s son resistentes, ligeras est\u00e9ticas y aerodin\u00e1mica, est\u00e1n <strong>disponibles en diferentes medidas desde 38\u2019,40\u2019,48\u2019, 53\u2019 en 2 ejes<\/strong>, ayudando a nuestros clientes a satisfacer sus necesidades.<\/p>                            \r\n                          \t                            \t                      \t\t\t\t\n                                \t<\/a><a href=\"https:\/\/www.industriasguerran.com\/sitio\/producto\/cajas-secas\/\" data-quantity=\"1\" class=\"button product_type_simple\" data-product_id=\"361\" data-product_sku=\"\" aria-label=\"Read more about &ldquo;CAJAS SECAS&rdquo;\" rel=\"nofollow\">Read more<\/a>                                                      \t\t                            \r\n                        <\/div>\r\n                    <!--POST CONTENT END-->\r\n\t\t\t\t\t<!--Read More Button-->\r\n                    <div class=\"blog_mo\"><a href=\"https:\/\/www.industriasguerran.com\/sitio\/producto\/cajas-secas\/\">+ Leer m\u00e1s<\/a><\/div>\r\n                    \r\n                <\/div>\r\n                 \r\n    \t\t\t\t                                <\/div><!--lay4_inner class END-->\r\n            \r\n            <\/div><!--lay4_wrap_ajax class END-->\r\n    \t<\/div><!--lay4_wrap class END-->\r\n             \r\n     \t\t \r\n            \t\t\t\t\t\t\t\t\t\t\t\t\t\t<div class=\"ast_pagenav\">\r\n                                            <\/div>\r\n                               <\/div>\r\n            \r\n                <!--SIDEBAR START-->    \r\n                   \r\n\t\t\t\t\t\r\n            \t<!--SIDEBAR END--> \r\n\t   \r\n\r\n\r\n\r\n\r\n\t\t\t\t\r\n<\/div><\/div><\/div><\/div><\/div><\/div><\/div>","protected":false},"excerpt":{"rendered":"","protected":false},"author":1,"featured_media":0,"parent":0,"menu_order":0,"comment_status":"closed","ping_status":"closed","template":"","meta":{"footnotes":""},"class_list":["post-346","page","type-page","status-publish","hentry"],"_links":{"self":[{"href":"https:\/\/www.industriasguerran.com\/sitio\/wp-json\/wp\/v2\/pages\/346","targetHints":{"allow":["GET"]}}],"collection":[{"href":"https:\/\/www.industriasguerran.com\/sitio\/wp-json\/wp\/v2\/pages"}],"about":[{"href":"https:\/\/www.industriasguerran.com\/sitio\/wp-json\/wp\/v2\/types\/page"}],"author":[{"embeddable":true,"href":"https:\/\/www.industriasguerran.com\/sitio\/wp-json\/wp\/v2\/users\/1"}],"replies":[{"embeddable":true,"href":"https:\/\/www.industriasguerran.com\/sitio\/wp-json\/wp\/v2\/comments?post=346"}],"version-history":[{"count":29,"href":"https:\/\/www.industriasguerran.com\/sitio\/wp-json\/wp\/v2\/pages\/346\/revisions"}],"predecessor-version":[{"id":428,"href":"https:\/\/www.industriasguerran.com\/sitio\/wp-json\/wp\/v2\/pages\/346\/revisions\/428"}],"wp:attachment":[{"href":"https:\/\/www.industriasguerran.com\/sitio\/wp-json\/wp\/v2\/media?parent=346"}],"curies":[{"name":"wp","href":"https:\/\/api.w.org\/{rel}","templated":true}]}}