{"id":380,"date":"2020-04-24T21:53:31","date_gmt":"2020-04-24T21:53:31","guid":{"rendered":"http:\/\/www.industriasguerran.com\/sitio\/?post_type=product&#038;p=380"},"modified":"2026-01-14T18:25:13","modified_gmt":"2026-01-14T18:25:13","slug":"dollys","status":"publish","type":"product","link":"https:\/\/www.industriasguerran.com\/sitio\/producto\/dollys\/","title":{"rendered":"DOLLYS"},"content":{"rendered":"<p><strong>Construcci\u00f3n:<\/strong><\/p>\n<ul>\n<li>Bastidores principales en forma de viga h fabricadas en acero de alta resistencia, espesor de alma de 5\/16, pat\u00edn superior e inferior de solera de 5\/8&#215;6\u201d, de una sola pieza soldadas con equipo mig.<\/li>\n<li>Sistema de enganche de lanza integrada al bastidor, con bujes especiales montados a las varas del chasis, con cadenas y ganchos de seguridad tipo ar-80 de 1.10m.<\/li>\n<li>6 puentes para bastidor en calibre 1\u20444\u201d reforzando \u00e1reas de suspensi\u00f3n.<\/li>\n<li>Plafonera fabricada en c-10, con\u00a0 \u0301plafones tipo led.<\/li>\n<li>Quinta rueda marca jost<\/li>\n<li>Mangueras aire marca Phillips roja-azul.<\/li>\n<li>V\u00e1lvula para estacionamiento.<\/li>\n<\/ul>\n<p><strong>Suspensi\u00f3n:<\/strong><\/p>\n<ul>\n<li>Suspensi\u00f3n neum\u00e1tica de 30,000 lbs por eje, tipo ht-300.<\/li>\n<li>Ejes redondos de 5\u201dcapacidad de 30,000 lbs, con espesor de 3\/4\u201d, con mazas de hierro gris nodular.<\/li>\n<li>4 tambores de hierro gris.<\/li>\n<li>Frenos de 16 1\u20442\u201d x 7\u201d, con c\u00e1maras de doble diafragma, tanques de aire, y conectores frontales.<\/li>\n<li>Sistema abc tipo wabco tipo 4s\/2m.<\/li>\n<li>8 rines tipo disco de 24.5\u201d x 8.25\u201d de 10 birlos, sistema unimont con capacidad de 8,000 lbs.<\/li>\n<li>8 llantas radiales 11r 24.5\u201d de 16 capas. (Opcional seg\u00fan preferencia del cliente).<\/li>\n<li>Luces y se\u00f1alamientos:<\/li>\n<li>Enchufe de 7 v\u00edas de 12 volts, incluyendo l\u00ednea para abs.<\/li>\n<li>Plafones sellados led tipo tractolamp.<\/li>\n<li>4 plafones traseros para cuartos, 2 direccionales, 2 para stop, tres tipo redondo 2\u201d.<\/li>\n<li>Luz para porta-placa.<\/li>\n<li>Cinta reflejante en costados, defensa trasera.<\/li>\n<\/ul>\n<p><strong>Pintura:<\/strong><\/p>\n<ul>\n<li>Protecci\u00f3n anti-corrosiva en toda la estructura.<\/li>\n<li>Esmalte auto motivo aplicado sobre primario.<\/li>\n<\/ul>\n<p><a href=\"http:\/\/www.industriasguerran.com\/sitio\/contacto\/\"><img loading=\"lazy\" decoding=\"async\" class=\"wp-image-412 alignleft\" src=\"http:\/\/www.industriasguerran.com\/sitio\/wp-content\/uploads\/2020\/04\/boton-300x82.png\" alt=\"\" width=\"150\" height=\"41\" srcset=\"https:\/\/www.industriasguerran.com\/sitio\/wp-content\/uploads\/2020\/04\/boton-300x82.png 300w, https:\/\/www.industriasguerran.com\/sitio\/wp-content\/uploads\/2020\/04\/boton.png 434w\" sizes=\"auto, (max-width: 150px) 100vw, 150px\" \/><\/a><\/p>\n","protected":false},"excerpt":{"rendered":"<p>Los dollys est\u00e1n dise\u00f1ados para las m\u00e1s estrictas necesidades de transporte de mercanc\u00eda. Disponibles en tipo A y tipo H, de 1 y 2 ejes, adapt\u00e1ndose as\u00ed a las necesidades de nuestros clientes.<\/p>\n","protected":false},"featured_media":479,"comment_status":"open","ping_status":"closed","template":"","meta":[],"class_list":{"0":"post-380","1":"product","2":"type-product","3":"status-publish","4":"has-post-thumbnail","6":"product_cat-equipos","8":"first","9":"instock","10":"shipping-taxable","11":"product-type-simple"},"_links":{"self":[{"href":"https:\/\/www.industriasguerran.com\/sitio\/wp-json\/wp\/v2\/product\/380","targetHints":{"allow":["GET"]}}],"collection":[{"href":"https:\/\/www.industriasguerran.com\/sitio\/wp-json\/wp\/v2\/product"}],"about":[{"href":"https:\/\/www.industriasguerran.com\/sitio\/wp-json\/wp\/v2\/types\/product"}],"replies":[{"embeddable":true,"href":"https:\/\/www.industriasguerran.com\/sitio\/wp-json\/wp\/v2\/comments?post=380"}],"wp:featuredmedia":[{"embeddable":true,"href":"https:\/\/www.industriasguerran.com\/sitio\/wp-json\/wp\/v2\/media\/479"}],"wp:attachment":[{"href":"https:\/\/www.industriasguerran.com\/sitio\/wp-json\/wp\/v2\/media?parent=380"}],"curies":[{"name":"wp","href":"https:\/\/api.w.org\/{rel}","templated":true}]}}